 the first derivative of f**4/2 + 2*f**3/3 - f**2/2 - 2. What is q(p)?
-6
Let n(a) = -4 + 11*a + 1 - 9*a. Give n(5).
7
Let v(r) = -r**3 - 4*r**2 + 3. Let t(k) be the second derivative of -k**4/12 + 4*k**3/3 - 2*k**2 - k. Let i be t(7). Suppose -x - 1 = i. Determine v(x).
3
Let x(n) = 2*n + 6 - 3*n + 2*n. Let b(y) = -2*y - 37. Let g be b(-16). Give x(g).
1
Let t(b) be the third derivative of b**4/8 + 5*b**3/6 + 2*b**2 - 4*b. What is t(-6)?
-13
Let g(i) = -i**3 - i**2 + 1. Suppose 0 = 3*h + 5*m + 3, m = -4*m. Give g(h).
1
Let x(i) = -6*i**2 + 3*i + 3. Let w(p) = 11*p**2 - 5*p - 5. Let z(h) = 4*w(h) + 7*x(h). Give z(-1).
2
Let o = 34 - 36. Let g(r) = -r**3 - 2*r**2 - 3*r - 1. Give g(o).
5
Let p(v) = v**3 - v + 4. Suppose -2*n + 18 = -4*n - 4*q, 2*n = 4*q + 22. Let x be -2*2*n/(-2). Let b be -2 - (x - (0 + 4)). What is p(b)?
4
Suppose -2*z - j + 3*j + 4 = 0, 3*j + 10 = 4*z. Let s = -3 + 1. Let y(g) = -1. Let l(p) = p. Let k(r) = s*l(r) + y(r). Determine k(z).
-9
Suppose -5*g = 3*p - 28, 25 = 5*g + 2*p - 2. Let n(k) be the second derivative of 1/20*k**5 - 2*k - 1/2*k**3 - 5/2*k**2 - 1/3*k**4 + 0. Give n(g).
5
Let d(u) be the second derivative of u**4/4 - u**3/6 - u**2/2 + 2*u. Let r be d(-1). Let g(b) = -3*b - 4 - 2*b + r*b - b**2 + 1. What is g(-3)?
-6
Let u be (5/3)/((-4)/(-12)). Let b(h) be the third derivative of h**6/120 - h**5/10 + h**4/8 + 2*h**3/3 - h**2. Determine b(u).
-6
Let s(p) = -p**2 + 6*p + 2. Suppose -6*g - 35 = -g. Let z = g + 13. Determine s(z).
2
Let d(u) = 3*u**3. Suppose 3*p = 6*p + 3. Determine d(p).
-3
Suppose -27 = 2*k - 3*h, -k - 4*h + 8 + 6 = 0. Let x(o) = -7*o**2 - 2 - 3*o**3 + 7 - 5*o + 2*o**3. What is x(k)?
-1
Let j(t) = 2*t**3 + 11*t**2 - 11*t**2 - 4*t**2 + 3*t. Let b be 1 + (1 - 4) - -4. Determine j(b).
6
Suppose -3*n - 1 = -4. Let y be 0 + 1 + 0 + n. Let x(r) = -r + 2*r**y - 2*r - r**2. Calculate x(3).
0
Let w = -39 + 28. Let l = -14 - w. Let a(d) = -2*d**2 - 5*d - 4. Calculate a(l).
-7
Suppose -4*h + 54 = 6. Suppose -h = -k - k. Let t(o) = -o + 2. Give t(k).
-4
Let z(k) be the first derivative of 5/3*k**3 + 2*k + 5/2*k**2 + 3 + 1/4*k**4. Suppose -8 = 3*r + 1. What is z(r)?
5
Let k be (20/(-30))/((-2)/(-3)). Let h(x) = 1 - 5 - x + 3 - x**2. Calculate h(k).
-1
Let c(d) = -d**2 - d + 2. Let y(a) = 16*a**3 - a**2 + 2*a - 1. Let i be y(1). Let s be 95/20 - (-2)/8. Suppose -u = -s*u - i. Calculate c(u).
-10
Suppose 3*c + 3*r + 12 = 0, 0*c - 4*c + 14 = -2*r. Let j(w) be the second derivative of -1/3*w**3 + 0 + 0*w**2 + 2*w. Calculate j(c).
-2
Let d(y) = 2 + 17*y - 34*y + 22*y. What is d(-2)?
-8
Let j(w) = -86 - w**3 + 86 - 8*w**2. What is j(-8)?
0
Let x(o) be the third derivative of o**6/720 + o**5/20 + o**4/12 + 8*o**2. Let m(v) be the second derivative of x(v). Give m(0).
6
Suppose -i - 3 = -2. Let c(z) = z**3 + 1. Determine c(i).
0
Let y = -13 - -8. Let j(r) = 7*r - 3*r**2 + 3 + 2*r**2 - 21*r + 10*r. Determine j(y).
-2
Let r = 121 + -122. Let f(n) = 4*n + 2. What is f(r)?
-2
Let g(s) be the second derivative of -s**3/6 - s**2/2 + 6*s. Determine g(2).
-3
Let k(n) = n**3 - 4*n**2 + n + 2. Let h be (-3)/(-9)*6*1. Determine k(h).
-4
Let c(o) = -o**3 + 7*o**2 - 5*o - 2. Let i be (1 - 1) + (2 - -4). Give c(i).
4
Let l(o) = o + 2. Let g = -9 + 16. Let m(b) = -2*b + 5. Let j be m(g). Let h = -9 - j. Determine l(h).
2
Let v(q) = -3 - 4*q + 3*q - 3. Let f(l) = -l**3 + l**2 + l + 4. Let s be f(0). Suppose -s*n = -0 + 20. Determine v(n).
-1
Suppose 4 = 7*d - 5*d. Suppose -b - d = -8. Let w(h) = -h**2 + 7*h + 1. What is w(b)?
7
Let s(u) = -u**2 + 9*u - 10. Let r be s(7). Let j(w) = -2*w + 3. What is j(r)?
-5
Let w(i) = 2*i**2 + i - 2. Let t(a) = -a**2 + 7*a - 2. Let l be t(6). Let q be (6/4)/((-3)/l). Determine w(q).
4
Let h(v) = -3 - 16*v**3 + 4*v**2 + 2*v + 15*v**3 + 2*v. Calculate h(5).
-8
Let v(l) = -l - 9. Suppose 15 = 2*q + 3*q. Suppose s - 20 = -q*s. Suppose -6 = 2*u - f - f, -5*f - s = -u. Determine v(u).
-4
Let p be 6 + (0 - (-2 - -3)). Let o = p + -5. Suppose o = -x - 3. Let j(s) = s**3 + 4*s**2 + 2*s. Determine j(x).
3
Suppose -2*c - 11 = -3*v, 4*c + 6 = 2. Let r(z) be the first derivative of -z**4/4 + z**3 + z - 4. Give r(v).
1
Suppose 4 = 2*m - 2. Let v(x) = -m*x**2 + 6*x + x**2 + 6 + 3*x**2. Give v(-6).
6
Suppose -9 = -g - 2*g. Let k(n) = n**2 - 2*n + 2*n + 1 - n**g. Let x(o) = -o**3 - 4*o**2 - 5*o - 4. Let i be x(-3). Give k(i).
-3
Let w(b) be the third derivative of -b**4/12 + 7*b**3/6 - 23*b**2. Let g(q) = -q**3 + 4*q**2 - 2*q + 2. Let p be g(2). Calculate w(p).
-5
Let h(v) = -3*v - 1. Let c be 0/(-2) + (-1 - -13). Suppose 0 = 6*m - 2*m + c. Calculate h(m).
8
Suppose 4*d - 7*d = 2*g + 4, 5*d + 36 = 4*g. Let f(s) = -5*s + 4*s**2 - s**2 + 5 - 2*s**2. Determine f(g).
1
Let m(g) = 0*g - g + 1 + 0 + 1. Calculate m(4).
-2
Suppose n = -2*n + 6. Let y(p) be the first derivative of p + 1/2*p**2 - 2. Give y(n).
3
Let j be (6/(-10))/(2/(-10)). Suppose 0 = j*q - q - 6. Let u(l) = -2*l + 0*l + q*l + 3*l**2 + 1 - l**2. Determine u(-1).
2
Let m = -10 - -14. Suppose -m*s - 12 = -2*s. Let y(t) = 7*t**3 + 9*t**2 + 19*t + 1. Let u(o) = 4*o**3 + 4*o**2 + 10*o. Let a(j) = -5*u(j) + 3*y(j). Give a(s).
-3
Let d(m) = -m - 7. Let h be d(-13). Let o(n) = 0*n**2 + 2 + h*n + n**3 + 4*n**2 + 2*n**2. Determine o(-5).
-3
Let i(s) be the third derivative of s**4/12 + s**3/6 - s**2. Suppose -8 = -0*f - 2*f. Let v be (f/(-10))/((-2)/(-10)). Determine i(v).
-3
Suppose -4*t + 2*t = 0. Let c(i) be the third derivative of -3*i**2 + t + 0*i + 1/8*i**4 - 1/6*i**3. Determine c(1).
2
Let g(h) = -2*h**2 + 1 + 10*h**2 + 2*h**2. Suppose -o = -0 - 4. Suppose -2*d + o*d + 2 = 0. Give g(d).
11
Suppose -2*u - 3 = -3*u. Let m(r) = -2*r**u - 1 + 1 + r**2 + 3*r**3 - r. Determine m(0).
0
Let c = -2 + 5. Let b(d) = -d - d**3 + 1 - c*d**2 + 6*d**2 - d + 0*d**3. Let w(g) = g**3 - g**2 - g + 3. Let l be w(0). What is b(l)?
-5
Let x = -25 + 24. Let m(j) = 12*j**3 + 2*j**2 + j. Determine m(x).
-11
Let g(j) = 7 + 0*j**2 + j - 9*j**2 + 5 - j**3. Let l be g(-9). Let y(x) = 5*x**2 + 5 - 2 - x**l - 5 - 3*x. Determine y(4).
2
Let u(f) = -f + 9. Let d(g) = g + 13. Let o be d(-6). Suppose -w = -2*w + o. Let i be (-4)/(-14) + (-2)/w. Calculate u(i).
9
Let i(q) be the third derivative of -q**4/24 + q**2. Let x(y) = 10*y + 3. Let g(w) = -18*i(w) - 2*x(w). Let s be ((-15)/(-12))/(0 - 3/12). What is g(s)?
4
Let v = -8 - -1. Let z(m) be the second derivative of -m**4/12 - 5*m**3/6 + 4*m**2 - 18*m. Calculate z(v).
-6
Suppose 0 = 2*o - 4*o - 10, -o = 2*q + 17. Let h(w) = w**3 + 7*w**2 + 5*w - 8. Calculate h(q).
-2
Let f(u) = -6*u**3 + 11*u**3 + 5*u - 3*u**3 - 2 - 6*u**2 - u**3. Determine f(5).
-2
Let x(l) = -2*l**2 + 5 - 2*l**2 - 2*l + 3*l**2. Let s be 2 + 1/(-1)*-1. Let u be 2/s*-6 - 0. Give x(u).
-3
Let m be (0 - -1)*4/(-2). Let d(a) = a + 0*a**2 + 0*a - 2 + a**2. Calculate d(m).
0
Let v(r) = -5*r + r + 5*r - 6. Determine v(-7).
-13
Let x(n) be the third derivative of n**5/60 + n**4/6 - n**3/6 + 12*n**2 - n. Give x(-3).
-4
Let o(s) = -s - 5. Let i be o(-7). Suppose -5*h - 3*d + 17 = -5, -i*h + 9 = d. Suppose 4*g - h = 15. Let r(f) = -f**3 + 6*f**2 - 3*f - 5. Determine r(g).
5
Let c(s) = -s**3 - 4*s**2 + 4. Suppose 0 = -5*t - 25, 3*l - 3*t = -4 + 10. Determine c(l).
-5
Let c(d) be the third derivative of 0*d - d**2 - 5/24*d**4 + 1/60*d**5 + 0 + 5/6*d**3. Give c(4).
1
Let v = -24 - -16. Let h(c) = -c**2 - 8*c + 4. Calculate h(v).
4
Let w = 39 - 38. Let s(a) = -2*a**3 - a**2 + a. Give s(w).
-2
Let w(c) be the third derivative of -1/12*c**4 + 1/240*c**6 - c**2 + 0*c + 0*c**3 + 0 + 0*c**5. Let v(o) be the second derivative of w(o). What is v(-3)?
-9
Suppose v - 1 = -x + 3, -3*v = -3. Let n(a) be the third derivative of 0*a + 2/3*a**x + 0 + 1/24*a**4 + 1/15*a**5 + 1/120*a**6 + 2*a**2. Give n(-4).
0
Let v(l) = 3*l**2 + l**3 + 4 + 0*l**3 - 2 - 4*l - 8. Let c(g) = -3*g**3 - 2*g**2 + 2*g - 1. Let x be c(1). What is v(x)?
-6
Let u(p) = -p**3 - 5*p**2 - 7*p - 9. Let m be u(-4). Suppose z = 2*z - 2. Let h(l) = -m*l - 1 + 0*l + 3 + 2*l**z. Determine h(2).
4
Let u(k) = k + 0*k - 2*k. Let v be u(4). Let r(s) = -1. Let d(b) = -b**2 - 2*b + 7. Let w(p) = -d(p) - 4*r(p). Give w(v).
5
Let r(v) = 7*v**2 - v. Let i be r(1). Let l(u) = 1 + 0*u - u - u**2 - 10 + 9*u. Give l(i).
3
Let z = -4 - -5. Let r(i)